. Let s be u(2). What is the greatest common factor of s and 216?
24
Suppose 0 = 12*t - 17 + 41. Let v be ((-726)/12)/(1/t). Calculate the highest common divisor of 33 and v.
11
Let i be (-2756)/39 + 4/6. Let u be ((-266)/i)/((-1)/(-5)). Let k = u - -107. Calculate the greatest common factor of k and 14.
14
Let j(s) = s**3 + 21*s**2 + 19*s - 19. Suppose -8*y - 300 = 7*y. Let x be j(y). Let k be (20 + -4)/(1 + x). Calculate the greatest common factor of k and 16.
8
Suppose -1227*y = -1221*y - 1014. What is the highest common factor of 1248 and y?
13
Let f = -6847 - -6867. What is the highest common divisor of f and 28?
4
Suppose 2*o + 13*o - 225 = 0. Let z be (5 + (-273)/o)*-5. Calculate the greatest common factor of 88 and z.
22
Let t be 28/(-952) + (-2857)/(-34). Calculate the highest common divisor of 37128 and t.
84
Let k(v) = -v**3 - 25*v**2 - 66*v. Let i be k(-22). Suppose 5*m = 5, 3*d + 58 = -0*d + 4*m. Let h = i - d. What is the highest common factor of 9 and h?
9
Suppose 24 = 4*o - 0. Let h(n) = -25 + 6 - 4*n + 6*n + 13 + 10. Let f be h(o). Calculate the highest common divisor of f and 64.
16
Let n(s) = -s - 1. Let g(k) = 18*k - 89. Let c(t) = g(t) + 6*n(t). Let o be c(8). What is the greatest common divisor of o and 19?
1
Let c = -144 - -162. Let i be (c/(-42))/((-1)/(-7)*-1). Calculate the greatest common divisor of 1 and i.
1
Suppose -1668*r + 2304 = -1662*r. Calculate the highest common divisor of r and 24.
24
Suppose -2*a - 3*f + 83 = 23, -5*a + 66 = -3*f. What is the highest common divisor of 786 and a?
6
Let g(h) = h**3 - h**2 - h - 9. Let x = 130 + -126. Let a be g(x). What is the highest common divisor of a and 35?
35
Let v(w) = 127*w**2 + 7*w - 8. Let p be (0 + 0)*(-8)/40 - -1. Let f be v(p). Calculate the highest common factor of 14 and f.
14
Let s(a) = -a**3 - 12*a**2 - 4*a - 24. Let p be s(-12). Let k be (59 - p) + (1 - -3). Calculate the greatest common factor of k and 12.
3
Let x = 14 - -16. Suppose 5*r + 127 + 173 = 0. Let i be r/(-4)*(4 + 18/(-6)). Calculate the greatest common divisor of i and x.
15
Let w(l) = l**2 + 6*l + 21. Let x be w(10). Let g be x/2 - 3 - (-1)/2. Suppose -2*q + g + 40 = 0. Calculate the highest common factor of q and 8.
8
Let q(h) = 6*h - 24. Let u be q(5). Suppose 0 = -4*n - 2*r + 298, 2*n + 5*r + 263 = u*n. What is the highest common divisor of n and 54?
18
Let i(j) = -195 - 15 + 43 - 31*j - 96 - 58. Let z be i(-12). What is the highest common divisor of z and 289?
17
Let i = 3377 - 2674. Calculate the highest common factor of 494 and i.
19
Suppose 0 = 135*a - 315*a + 52020. Let f be (-1)/3 + (-206)/(-6). Calculate the greatest common divisor of f and a.
17
Let m = -257 + 265. Suppose -m = -10*c + 52. Calculate the greatest common divisor of 54 and c.
6
Let q be (-310)/(-18) + 4/(-18). Let m be (0 - 3)/(9 + 231/(-22)). Suppose 35 = v + f - m*f, -37 = -v + 3*f. Calculate the greatest common factor of v and q.
17
Let a be 2 - (9 - (-26)/(-3))*0. Calculate the greatest common divisor of a and 46.
2
Suppose 4*s - 216 + 228 = 0, 3*s - 459 = -4*y. What is the highest common factor of 143 and y?
13
Let c(l) = -15*l + 155. Let x(g) = 48*g + 288. Let a be x(-6). Let d be c(a). What is the highest common divisor of d and 31?
31
Suppose 0 = -3*d - 4*n + 2265, 19*n - 20*n = -4*d + 3039. Let s be (11/(-2))/((-1)/2). What is the greatest common factor of s and d?
11
Suppose -549735 = -127*k + 75994. Calculate the greatest common factor of 39 and k.
13
Let v = -2 - 8. Let j = 46 - v. What is the highest common factor of 14 and j?
14
Let b = 2358 + -1654. Suppose 0*z = z - 5*h - b, 5*z = 3*h + 3520. Calculate the greatest common divisor of z and 128.
64
Suppose -137 = -3*s + 13. Suppose 40 - 12 = 4*h. Suppose h*w = 5*w + 60. What is the greatest common factor of w and s?
10
Suppose -12*r = -5*r. Suppose r*w + 3*w - 12 = 0. Let f be (w - -96)/(-1 + 0 + 2). What is the greatest common divisor of f and 40?
20
Let s = -10028 + 10080. Calculate the greatest common divisor of s and 7358.
26
Let x be (-1)/((-3)/(-4))*357/(-238). Suppose 0 = -275*q + 276*q - x. Suppose 0*d - 14 = -d. What is the greatest common factor of q and d?
2
Suppose 2*w + 246 = -208. Let c = w + 231. Calculate the highest common divisor of 3 and c.
1
Let z = 4055 - 4044. Calculate the greatest common divisor of 1 and z.
1
Suppose 0 = d - 5*f - 302 + 107, 4*f + 189 = d. What is the greatest common divisor of d and 429?
33
Suppose 91814*x - 91847*x + 1485 = 0. What is the highest common divisor of x and 2394?
9
Suppose 7 = 5*z - 53. Let b be (z/(432/1716))/((-2)/(-18)). What is the highest common factor of b and 39?
39
Let u = 726 - -714. Calculate the highest common divisor of u and 20.
20
Let q = -9378 + 10091. What is the highest common factor of 403 and q?
31
Suppose -5*n + 52 = -n - y, 0 = 5*y + 20. Let c be n/(-27) - ((-463960)/(-63))/(-10). Calculate the greatest common divisor of 92 and c.
92
Let y be ((-55)/(-25))/((-3)/(-15)). Let z be 2 + 35/(-20) - (-1977)/12. Suppose -n + z = 2*n. What is the greatest common factor of y and n?
11
Suppose -c + 4*b + 141 = 0, 0 = 5*c - 3*b - 91 - 461. What is the highest common factor of c and 735?
105
Let q(d) = 24*d - 65. Let o be q(-10). Let z = o + 310. Let u = 122 - 82. What is the greatest common factor of u and z?
5
Let n be 5/((6/4*-5)/(-51)). What is the greatest common factor of n and 425?
17
Let c = -3765 - -4257. Calculate the greatest common factor of c and 1353.
123
Let q(h) = -4*h + 113. Let b be (-822)/69 - (-4)/(-46). Let l be q(b). Calculate the highest common factor of 46 and l.
23
Let m(n) = -367*n - 1274. Let y be m(-18). What is the greatest common factor of 86 and y?
86
Suppose 0 = -6*q + 323 - 119. Suppose -31*w - 1062 = -q*w. What is the highest common divisor of 6 and w?
6
Let i(f) = f**2 - 37*f + 344. Let x be i(20). What is the highest common factor of x and 4472?
4
Suppose -m + 15 = 5*y + m, 5*m = -y - 20. Suppose -4*r + 156 = h, 87*h - 91*h + 636 = 4*r. What is the greatest common divisor of y and h?
5
Let l(h) be the second derivative of h**5/20 + h**4/2 - h**3/3 - 4*h**2 - 55*h. Let x be l(-6). Calculate the greatest common divisor of 6 and x.
2
Let i = -150 + 193. Let j = -5 + i. Calculate the greatest common factor of 266 and j.
38
Suppose 4*b + 24 = 8, 5*b - 100 = -4*d. Let u = -160 + 200. Calculate the greatest common divisor of d and u.
10
Let o be -2*3*33/(-22) + 6. Let z(a) = -a + 45. Let t be 2 - (-3 - -1)*-1. Let c be z(t). What is the highest common divisor of c and o?
15
Suppose 23*f + 24459 - 32528 = 118523. What is the greatest common divisor of 192 and f?
64
Let c(y) = -15*y - 235. Let g be c(-77). Calculate the greatest common divisor of 160 and g.
40
Suppose 146*r - 41188 = 132*r. Suppose -14*v + 1090 = -r. What is the highest common factor of v and 54?
18
Let l = 696 + -712. Let a be ((-9)/(-72) - 414/l)/1. Suppose 2*j + 39 = 5*j. What is the greatest common factor of j and a?
13
Let u be (2*15 - 0)*-44*21/(-168). What is the greatest common divisor of u and 627?
33
Let g be 5 + (-140*3)/(-15). What is the greatest common factor of g and 3993?
33
Suppose 102 = -19*f + 330. What is the highest common divisor of 768 and f?
12
Let w(q) = 2*q**2 + 4*q - 3. Let l be w(2). Suppose 2*u = -2*y + 10, -y = -3*u - 0 - l. Suppose y*g = 9*g - 90. What is the greatest common divisor of 15 and g?
15
Let p(x) = -13*x + 1901 + 2*x**2 + 1901 - 3821. Let l be p(8). Let y be -1 + 10 + (1 - 0). What is the greatest common factor of y and l?
5
Let u = 5 - -31. Let n be (212/24 - (-2)/12)*2. Suppose -3*x + n = -36. Calculate the greatest common divisor of x and u.
18
Let p be 15*1 - (-16 - -17). Let w = p + -29. Let h = w - -28. Calculate the highest common factor of 117 and h.
13
Let a(i) = i**3 - 19*i**2 - 16*i + 38. Let h be a(19). Let p = h + 458. Calculate the greatest common divisor of 48 and p.
48
Let b be 3*((0 + -42)/(-6) - 138/(-18)). Calculate the highest common factor of 1639 and b.
11
Let d = -739 + 745. Suppose -d*m + 71 = 17. Calculate the highest common divisor of 171 and m.
9
Suppose 6450 = 20*k - 4570. Calculate the highest common divisor of k and 319.
29
Let r(i) = 53*i + 17 - 71*i + 2*i**2 + 1 + 34*i. Let c be r(-8). Calculate the greatest common divi